 What is the tens digit of (-52)/(-6)*q/14?
1
Let m(w) = w**3 + w**2 + 8. Let p be m(0). Suppose p = -0*z + z. What is the units digit of z?
8
Let i be 4/14 + (-24)/(-14). Let f = 26 - 19. Suppose -f*b = -8*b + i. What is the units digit of b?
2
Let d = 25 - -63. What is the units digit of d?
8
Let x be 6/(-4)*16/(-3). Suppose 2*t = -2*t + x. Suppose t*o - 15 + 3 = 0. What is the units digit of o?
6
Let z be 3/6 + 9/2. Let a be -4 + 0/(-2 + z). What is the units digit of 0/(a/(-2)) + 10?
0
Let p = 1 - -1. Suppose 4*a + 5*h - 8 = 0, a - 5*a = -p*h - 8. What is the units digit of a?
2
Suppose -2*q = 3 + 17. What is the units digit of (75/q)/(3/(-4))?
0
Let m be (70 + (-1)/1)*1. Suppose -3 = -4*j + m. What is the units digit of j?
8
Suppose 5*s + 5*t = 25, 5*t - 2 = -s + t. Let j be s/3 - (-18)/(-1). Let w = -7 - j. What is the units digit of w?
9
Suppose -2*l + 17 = -l + 2*m, 3*m = l - 42. What is the units digit of l?
7
Suppose o + m - 284 = -2*o, -5*m + 211 = 2*o. What is the tens digit of o?
9
Suppose 770 + 2590 = 8*a. What is the hundreds digit of a?
4
Let p be 45/4 - 3/12. Let y = -3 + p. What is the units digit of y?
8
Suppose -3*j + 16 = j, -5*c = -4*j + 96. Let m = c - -7. What is the units digit of (-20)/(-3)*m/(-6)?
0
Let d = 7 - -13. Let i be 26/(-10) - 8/d. What is the units digit of (i + 1)*(-7)/2?
7
Let x(c) be the third derivative of c**5/60 + c**4/24 - 4*c**3/3 + c**2. What is the units digit of x(-6)?
2
What is the tens digit of (-28 + -1)/(1 - 2)?
2
Suppose 4 = -4*j + 5*j. Suppose 0 = b - 5*y - 10, -j*b - y - 29 = 2*y. What is the units digit of (b - -1)*(2 - 4)?
8
Let f(z) = 3 + 2 - z + 0. Let l be f(8). What is the units digit of (7/2)/(l/(-6))?
7
Suppose 6*v - 90 = v. Suppose 4*o + v = 98. What is the tens digit of o?
2
Let t(x) = -x - 1. Let o be t(6). Let q = o - -11. Suppose 2*l + 3*c = 16, 6*l - q*l + 2*c - 20 = 0. What is the units digit of l?
4
Let u = -10 + 5. Let h = u - -10. Suppose 22 = 4*i + 5*c, -h*i = -i - 4*c - 40. What is the units digit of i?
8
Let y(d) = d**3 + 2*d**2 - 2*d - 2. Let t be y(-2). Let l be ((-15)/(-6))/(t/16). Suppose 3*x + 2 = l. What is the units digit of x?
6
What is the tens digit of (-62 + 0)/(-2*1)?
3
Let r be (2/1 - 3) + 4. Suppose -29 = -r*s + 10. What is the tens digit of s?
1
Let z = 35 - 18. What is the tens digit of z?
1
Let b = -11 - -8. Let t be (-12)/b*(-1 + 2). Suppose -4*o = 4, t*x - 44 - 6 = -2*o. What is the units digit of x?
3
Let a = 3 - 2. Let p be (0/(-2*a))/(-2). What is the units digit of -3 + 2 - -4 - p?
3
Let u(j) = j**3 + 2 + 5*j**2 + j - j - j. What is the units digit of u(-4)?
2
Suppose -442 = -2*w - b, w + 4*w - 2*b - 1087 = 0. What is the tens digit of w?
1
Let x be 12/(-8)*(-8)/(-3). Let c be x/6 - (-37)/(-3). What is the tens digit of (c - -2)*1*-1?
1
Suppose 2*c + 0*c - 144 = 0. What is the tens digit of c?
7
Let j be 1/(-2) - (-11)/2. Suppose -5*i + j = -0. What is the units digit of i?
1
Let f(d) = 70*d**2 + d. What is the units digit of f(-1)?
9
Suppose 2*c = -0*c. Let h be (-1 - c)*(-7 - -7). Let s = h + 3. What is the units digit of s?
3
Let x(g) = 6*g**2 - g. Let l be x(-1). Let a be (l - 3)*3/(-2). Let r(w) = -w**2 - 8*w + 1. What is the tens digit of r(a)?
1
Let z = 152 + -85. What is the tens digit of z?
6
Let u(l) = -l**2 - 7*l - 4. What is the units digit of u(-5)?
6
Suppose -3*v - 2*r = -4*v + 97, -2*v - 2*r + 170 = 0. What is the tens digit of v?
8
Suppose 1202 = 6*o + 14. What is the hundreds digit of o?
1
Let s = -4 + 14. Suppose 0 = -2*v - 2 + s. What is the units digit of v?
4
Suppose 0 = 5*m - 15, -3*m = 3*t + 32 + 1. What is the units digit of ((-2)/(-4))/((-7)/t)?
1
Let k(d) be the third derivative of 3*d**2 - 4/3*d**3 - 1/12*d**4 + 0*d + 0. What is the units digit of k(-8)?
8
Suppose 0*k + 12 = 2*k. Let x(t) = t**2 + 3. What is the units digit of x(k)?
9
Let u(t) = -t**3 + 11*t**2 - 13*t + 4. Suppose 0 = 4*k - 19 - 17. What is the units digit of u(k)?
9
Let z(q) = -q**2 + 12*q - 14. Let h be z(10). Let g be 17/h - 1/(-6). What is the units digit of (-4 + -1 + g)/(-2)?
1
Let i(a) = -18*a**3 + a**2 + a. Let z = 8 - 9. What is the units digit of i(z)?
8
Let f be (4 + 1)/((-1)/(-2)). Suppose -v + 3*p = f, -p - 4 = -v - 6. What is the units digit of v?
2
Let a(h) = -2*h - 3. Let f be a(-5). Let y = f + 10. What is the units digit of y?
7
Let l be 96/(-42) - (-2)/7. What is the units digit of (-4)/l + (30 - 1)?
1
Let f = -95 - -155. What is the units digit of f/14 + 2/(-7)?
4
Suppose 0 = 4*y - 3*y - 167. What is the units digit of y?
7
Let f(n) = 2*n - 1. Suppose -2*t - 4*x + 10 = 0, -t + 4*x + 10 = t. Suppose -2 = -t*w + 23. What is the units digit of f(w)?
9
Let j(f) = -f**2 - 4*f + 5. Let g be j(-5). Suppose 4*z = 5*i - 29, 2*i - 5*i + 4*z + 11 = g. What is the units digit of i?
9
Suppose 11*m - 385 = 4*m. What is the tens digit of m?
5
Let p be -18*(-5)/((-30)/(-4)). Let n be 2 + -3*p/(-9). What is the units digit of 2/6 + 22/n?
4
Let f be (-2)/4*(-6)/1. Let b(w) = 2 - w**3 - f*w + 0*w**3 - 3*w + 8*w**2. What is the units digit of b(7)?
9
Let x = -1 - 2. Suppose -59 - 16 = -5*u. Let q = u + x. What is the units digit of q?
2
Let v be -1 - 3/(-2)*2. Suppose -2*z - 3*c - 12 = 0, v*z - 5*c + 4 = -8. What is the units digit of (-3)/z*(3 - 1)?
1
Suppose -45 = -3*v + 3*y + y, 0 = 4*v + 2*y - 82. What is the tens digit of v?
1
Let p(d) = d**3 - 7*d**2 + 9*d + 1. Suppose -3 = -k + 4. Let a be p(k). Suppose 4*n + 0 - a = 0. What is the tens digit of n?
1
Let l(k) = -k**2 + 13*k + 14. Let s be l(13). Suppose -f - 4*j - 4 + s = 0, -3*f + 5*j + 81 = 0. What is the tens digit of f?
2
Let q(g) = -2*g**2 + 5*g + 1. Let x be q(4). Let l = 34 - x. What is the tens digit of l?
4
Let f(n) be the first derivative of -n**4/4 - 5*n**3/3 - n**2 - 8*n + 6. What is the units digit of f(-5)?
2
Let d = -55 - -77. What is the units digit of d?
2
Suppose 16 = -4*r + 40. Let t be (10/8)/(1/4). Suppose 3*u - r*j - 32 = -2*j, u + t*j - 17 = 0. What is the units digit of u?
2
Let z = 8 - 2. What is the units digit of z?
6
Let p(o) = o**2 + 2*o + 2. What is the units digit of p(0)?
2
Let f(m) = m**3 - 6*m**2 + 4*m + 7. Let h be f(5). Let k be -10*(-5)/(75/18). Suppose 5*n - k = h*n. What is the units digit of n?
4
Suppose 2*u - 4*w = 10, 0*u - 5*u + 3*w - 10 = 0. Let m = u + 9. Suppose 36 = m*k - k. What is the tens digit of k?
1
Suppose 0 = 2*h - 4*h + 10. Suppose -137 = -h*r + 8. What is the tens digit of r?
2
Suppose -3*p - 19 = 2*i + 1, 5*p + 25 = 5*i. Let k(r) = -r**2 - 10*r - 2. What is the tens digit of k(p)?
2
Let y(g) = 3*g**2 - 1. Let b be y(-1). Suppose 0 = -3*w + b*w + 2. What is the units digit of w?
2
Suppose 0 = -2*b + 4*b - 18. Suppose k = 30 - b. Suppose 3*x - 1 = 4*x, 4*h + 3*x - k = 0. What is the units digit of h?
6
Let o(l) = l - 7. Let n be o(8). Let b = -1 + 3. Suppose -n = -b*f + 1. What is the units digit of f?
1
Let t = -56 - -89. What is the tens digit of t?
3
What is the tens digit of 8 + (-6 - -109) - (1 + -5)?
1
Let z = 41 + 72. What is the tens digit of z?
1
Suppose -5*s - 1 = -26. Suppose -s*g - 18 = -2*t - g, -3*t + 2*g + 23 = 0. What is the units digit of t?
7
Suppose -2 = 2*m + 52. What is the tens digit of ((-261)/m)/(1/3)?
2
Suppose 27*z - 144 = 23*z. What is the tens digit of z?
3
Suppose x = -x + 40. Suppose 6*j - j - x = 0. What is the units digit of j?
4
Let m be 18 + 1 + (-2 - -1). Suppose i - m = -5*v - 0*i, -2*v + 15 = 3*i. What is the units digit of 15/(-10)*(-2)/v?
1
Suppose 2*g - 4*g = -6. Suppose 2*i + 6 = g*t - 3, 0 = -5*t + i + 15. Suppose -2*v + 2*n = -26, 2*v = -t*n - 2*n + 61. What is the tens digit of v?
1
Suppose h + 2*y + 2*y = 57, -5*h + 160 = -5*y. What is the tens digit of h?
3
Let q = -4 + 4. Suppose -5*d - 15 = -3*k - 83, q = -2*d - 4*k + 48. Suppose 2*p + i = -3*p + 6, -4*p + 2*i = -d. What is the units digit of p?
2
Let u(y) = y**3 - 5*y**2 - 7*y + 8. Let g = 3 + 3. What is the units digit of u(g)?
2
Let a(u) = 6*u**2 - 2*u - 1. What is the units digit of a(2)?
9
Let m(p) = p**3 + 3*p**2 - 6*p - 2. Let n be m(-5). Let a = -14 - n. What is the units digit of a?
8
Let t(k) = k**3 - k**2 - 2. Suppose 15 = 5*a - 5. Suppose 0*z + a*z = 8. What is the units digit of t(z)?
2
Let k = 0 + 5. Suppose 5*x - 90 = 4*w - 